{"id":54,"date":"2022-01-20T13:26:27","date_gmt":"2022-01-20T13:26:27","guid":{"rendered":"https:\/\/kjbb-tk.de\/?page_id=54"},"modified":"2026-03-31T15:47:30","modified_gmt":"2026-03-31T15:47:30","slug":"unsere-partner","status":"publish","type":"page","link":"https:\/\/kjbb-tk.de\/index.php\/unsere-partner\/","title":{"rendered":"Unser Tr\u00e4ger &#8211; der all eins e.V."},"content":{"rendered":"\t\t<div data-elementor-type=\"wp-page\" data-elementor-id=\"54\" class=\"elementor elementor-54\">\n\t\t\t\t\t\t<section class=\"elementor-section elementor-top-section elementor-element elementor-element-535f5ec9 elementor-section-boxed elementor-section-height-default elementor-section-height-default\" data-id=\"535f5ec9\" data-element_type=\"section\" data-e-type=\"section\">\n\t\t\t\t\t\t<div class=\"elementor-container elementor-column-gap-default\">\n\t\t\t\t\t<div class=\"elementor-column elementor-col-100 elementor-top-column elementor-element elementor-element-530a4155\" data-id=\"530a4155\" data-element_type=\"column\" data-e-type=\"column\">\n\t\t\t<div class=\"elementor-widget-wrap elementor-element-populated\">\n\t\t\t\t\t\t<div class=\"elementor-element elementor-element-d0c07f0 elementor-widget elementor-widget-text-editor\" data-id=\"d0c07f0\" data-element_type=\"widget\" data-e-type=\"widget\" data-widget_type=\"text-editor.default\">\n\t\t\t\t<div class=\"elementor-widget-container\">\n\t\t\t\t\t\t\t\t\t<p>&#8222;Die Geschichte des <strong>all eins e.V.<\/strong> ist von jeher durch eine hohe Jugendbeteiligung gepr\u00e4gt. 1994 gr\u00fcndeten Jugendliche und junge Erwachsene auf Eigeninitiative den all eins e.V.. Ihr Verein erm\u00f6glichte ihnen Konzerte, Ausstellungen und Fahrten selbst organisieren zu k\u00f6nnen. Seit 1997 ist der all eins e.V. anerkannter Tr\u00e4ger der freien Kinder- und Jugendhilfe und agiert im Handlungsfeld der Offenen Kinder- und Jugendarbeit.<\/p><p>Der all eins e.V. betreibt gemeinsam mit dem Sportverein Mellowpark e.V. den Mellowpark, einen Jugend-, Sport- und Freizeitpark im Berliner Bezirk Treptow-K\u00f6penick und den dazugeh\u00f6rigen ALL Club. Ziel seiner p\u00e4dagogischen Arbeit ist es dem im \u00a7 11 SGB VIII formulierten Bildungsauftrag gerecht zu werden. Der all eins e.V. orientiert sich in seiner Arbeit an den Interessen, Themen und Bedarfen von jungen Menschen, bietet offene R\u00e4ume f\u00fcr Mitbestimmung und Mitgestaltung, bef\u00e4higt Jugendliche und junge Erwachsene zur Selbstbestimmung, regt und f\u00f6rdert soziales Engagement an.<\/p><p>Die Schwerpunkte liegen in der Offenen Arbeit, in Jugendbeteiligung und in der sportorientierten und der kulturellen Jugendarbeit mit Jugendlichen und jungen Erwachsenen im Alter von 14 &#8211; 27 Jahren. Der all eins e.V. erh\u00e4lt als anerkannter freier Tr\u00e4ger der Kinder- und Jugendhilfe finanzielle Zuwendung nach \u00a7 11 SGB VIII durch das Jugendamt Treptow-K\u00f6penick.&#8220;<\/p>\t\t\t\t\t\t\t\t<\/div>\n\t\t\t\t<\/div>\n\t\t\t\t\t<\/div>\n\t\t<\/div>\n\t\t\t\t\t<\/div>\n\t\t<\/section>\n\t\t\t\t<section class=\"elementor-section elementor-top-section elementor-element elementor-element-57740d4 elementor-section-boxed elementor-section-height-default elementor-section-height-default\" data-id=\"57740d4\" data-element_type=\"section\" data-e-type=\"section\">\n\t\t\t\t\t\t<div class=\"elementor-container elementor-column-gap-default\">\n\t\t\t\t\t<div class=\"elementor-column elementor-col-100 elementor-top-column elementor-element elementor-element-57bde9b\" data-id=\"57bde9b\" data-element_type=\"column\" data-e-type=\"column\">\n\t\t\t<div class=\"elementor-widget-wrap elementor-element-populated\">\n\t\t\t\t\t\t<div class=\"elementor-element elementor-element-c1c0531 elementor-widget elementor-widget-text-editor\" data-id=\"c1c0531\" data-element_type=\"widget\" data-e-type=\"widget\" data-widget_type=\"text-editor.default\">\n\t\t\t\t<div class=\"elementor-widget-container\">\n\t\t\t\t\t\t\t\t\t<p>Hier kommt ihr zu unserem Tr\u00e4ger: <a href=\"https:\/\/alleins.de\/\">alleins e.V.<\/a><\/p>\t\t\t\t\t\t\t\t<\/div>\n\t\t\t\t<\/div>\n\t\t\t\t\t<\/div>\n\t\t<\/div>\n\t\t\t\t\t<\/div>\n\t\t<\/section>\n\t\t\t\t<section class=\"elementor-section elementor-top-section elementor-element elementor-element-f5869da elementor-section-boxed elementor-section-height-default elementor-section-height-default\" data-id=\"f5869da\" data-element_type=\"section\" data-e-type=\"section\">\n\t\t\t\t\t\t<div class=\"elementor-container elementor-column-gap-default\">\n\t\t\t\t\t<div class=\"elementor-column elementor-col-100 elementor-top-column elementor-element elementor-element-7bff085\" data-id=\"7bff085\" data-element_type=\"column\" data-e-type=\"column\">\n\t\t\t<div class=\"elementor-widget-wrap elementor-element-populated\">\n\t\t\t\t\t\t<div class=\"elementor-element elementor-element-38d8a21 elementor-widget elementor-widget-image\" data-id=\"38d8a21\" data-element_type=\"widget\" data-e-type=\"widget\" data-widget_type=\"image.default\">\n\t\t\t\t<div class=\"elementor-widget-container\">\n\t\t\t\t\t\t\t\t\t\t\t\t\t\t\t<img fetchpriority=\"high\" decoding=\"async\" width=\"1024\" height=\"256\" src=\"https:\/\/kjbb-tk.de\/wp-content\/uploads\/2025\/04\/alleins-logo-1024x256.png\" class=\"attachment-large size-large wp-image-608 no-lazy\" alt=\"\" srcset=\"https:\/\/kjbb-tk.de\/wp-content\/uploads\/2025\/04\/alleins-logo-1024x256.png 1024w, https:\/\/kjbb-tk.de\/wp-content\/uploads\/2025\/04\/alleins-logo-300x75.png 300w, https:\/\/kjbb-tk.de\/wp-content\/uploads\/2025\/04\/alleins-logo-768x192.png 768w, https:\/\/kjbb-tk.de\/wp-content\/uploads\/2025\/04\/alleins-logo.png 1440w\" sizes=\"(max-width: 1024px) 100vw, 1024px\" \/>\t\t\t\t\t\t\t\t\t\t\t\t\t\t\t<\/div>\n\t\t\t\t<\/div>\n\t\t\t\t\t<\/div>\n\t\t<\/div>\n\t\t\t\t\t<\/div>\n\t\t<\/section>\n\t\t\t\t<\/div>\n\t\t","protected":false},"excerpt":{"rendered":"<p>&#8222;Die Geschichte des all eins e.V. ist von jeher durch eine hohe Jugendbeteiligung gepr\u00e4gt. 1994 gr\u00fcndeten Jugendliche und junge Erwachsene auf Eigeninitiative den all eins e.V.. Ihr Verein erm\u00f6glichte ihnen Konzerte, Ausstellungen und Fahrten selbst organisieren zu k\u00f6nnen. Seit 1997 ist der all eins e.V. anerkannter Tr\u00e4ger der freien Kinder- und Jugendhilfe und agiert im [&hellip;]<\/p>\n","protected":false},"author":1,"featured_media":0,"parent":0,"menu_order":0,"comment_status":"closed","ping_status":"closed","template":"","meta":{"footnotes":""},"class_list":["post-54","page","type-page","status-publish","czr-hentry"],"yoast_head":"<!-- This site is optimized with the Yoast SEO plugin v27.5 - https:\/\/yoast.com\/product\/yoast-seo-wordpress\/ -->\n<title>Unser Tr\u00e4ger - der all eins e.V. -<\/title>\n<meta name=\"robots\" content=\"index, follow, max-snippet:-1, max-image-preview:large, max-video-preview:-1\" \/>\n<link rel=\"canonical\" href=\"https:\/\/kjbb-tk.de\/index.php\/unsere-partner\/\" \/>\n<meta property=\"og:locale\" content=\"de_DE\" \/>\n<meta property=\"og:type\" content=\"article\" \/>\n<meta property=\"og:title\" content=\"Unser Tr\u00e4ger - der all eins e.V. -\" \/>\n<meta property=\"og:description\" content=\"&#8222;Die Geschichte des all eins e.V. ist von jeher durch eine hohe Jugendbeteiligung gepr\u00e4gt. 1994 gr\u00fcndeten Jugendliche und junge Erwachsene auf Eigeninitiative den all eins e.V.. Ihr Verein erm\u00f6glichte ihnen Konzerte, Ausstellungen und Fahrten selbst organisieren zu k\u00f6nnen. Seit 1997 ist der all eins e.V. anerkannter Tr\u00e4ger der freien Kinder- und Jugendhilfe und agiert im [&hellip;]\" \/>\n<meta property=\"og:url\" content=\"https:\/\/kjbb-tk.de\/index.php\/unsere-partner\/\" \/>\n<meta property=\"article:modified_time\" content=\"2026-03-31T15:47:30+00:00\" \/>\n<meta property=\"og:image\" content=\"https:\/\/kjbb-tk.de\/wp-content\/uploads\/2025\/04\/alleins-logo.png\" \/>\n\t<meta property=\"og:image:width\" content=\"1440\" \/>\n\t<meta property=\"og:image:height\" content=\"360\" \/>\n\t<meta property=\"og:image:type\" content=\"image\/png\" \/>\n<meta name=\"twitter:card\" content=\"summary_large_image\" \/>\n<meta name=\"twitter:label1\" content=\"Gesch\u00e4tzte Lesezeit\" \/>\n\t<meta name=\"twitter:data1\" content=\"2\u00a0Minuten\" \/>\n<script type=\"application\/ld+json\" class=\"yoast-schema-graph\">{\"@context\":\"https:\\\/\\\/schema.org\",\"@graph\":[{\"@type\":\"WebPage\",\"@id\":\"https:\\\/\\\/kjbb-tk.de\\\/index.php\\\/unsere-partner\\\/\",\"url\":\"https:\\\/\\\/kjbb-tk.de\\\/index.php\\\/unsere-partner\\\/\",\"name\":\"Unser Tr\u00e4ger - der all eins e.V. -\",\"isPartOf\":{\"@id\":\"https:\\\/\\\/kjbb-tk.de\\\/#website\"},\"primaryImageOfPage\":{\"@id\":\"https:\\\/\\\/kjbb-tk.de\\\/index.php\\\/unsere-partner\\\/#primaryimage\"},\"image\":{\"@id\":\"https:\\\/\\\/kjbb-tk.de\\\/index.php\\\/unsere-partner\\\/#primaryimage\"},\"thumbnailUrl\":\"https:\\\/\\\/kjbb-tk.de\\\/wp-content\\\/uploads\\\/2025\\\/04\\\/alleins-logo-1024x256.png\",\"datePublished\":\"2022-01-20T13:26:27+00:00\",\"dateModified\":\"2026-03-31T15:47:30+00:00\",\"breadcrumb\":{\"@id\":\"https:\\\/\\\/kjbb-tk.de\\\/index.php\\\/unsere-partner\\\/#breadcrumb\"},\"inLanguage\":\"de\",\"potentialAction\":[{\"@type\":\"ReadAction\",\"target\":[\"https:\\\/\\\/kjbb-tk.de\\\/index.php\\\/unsere-partner\\\/\"]}]},{\"@type\":\"ImageObject\",\"inLanguage\":\"de\",\"@id\":\"https:\\\/\\\/kjbb-tk.de\\\/index.php\\\/unsere-partner\\\/#primaryimage\",\"url\":\"https:\\\/\\\/kjbb-tk.de\\\/wp-content\\\/uploads\\\/2025\\\/04\\\/alleins-logo.png\",\"contentUrl\":\"https:\\\/\\\/kjbb-tk.de\\\/wp-content\\\/uploads\\\/2025\\\/04\\\/alleins-logo.png\",\"width\":1440,\"height\":360},{\"@type\":\"BreadcrumbList\",\"@id\":\"https:\\\/\\\/kjbb-tk.de\\\/index.php\\\/unsere-partner\\\/#breadcrumb\",\"itemListElement\":[{\"@type\":\"ListItem\",\"position\":1,\"name\":\"Startseite\",\"item\":\"https:\\\/\\\/kjbb-tk.de\\\/\"},{\"@type\":\"ListItem\",\"position\":2,\"name\":\"Unser Tr\u00e4ger &#8211; der all eins e.V.\"}]},{\"@type\":\"WebSite\",\"@id\":\"https:\\\/\\\/kjbb-tk.de\\\/#website\",\"url\":\"https:\\\/\\\/kjbb-tk.de\\\/\",\"name\":\"\",\"description\":\"Das Kinder- und Jugendbeteiligungsb\u00fcro Treptow K\u00f6penick\",\"potentialAction\":[{\"@type\":\"SearchAction\",\"target\":{\"@type\":\"EntryPoint\",\"urlTemplate\":\"https:\\\/\\\/kjbb-tk.de\\\/?s={search_term_string}\"},\"query-input\":{\"@type\":\"PropertyValueSpecification\",\"valueRequired\":true,\"valueName\":\"search_term_string\"}}],\"inLanguage\":\"de\"}]}<\/script>\n<!-- \/ Yoast SEO plugin. -->","yoast_head_json":{"title":"Unser Tr\u00e4ger - der all eins e.V. -","robots":{"index":"index","follow":"follow","max-snippet":"max-snippet:-1","max-image-preview":"max-image-preview:large","max-video-preview":"max-video-preview:-1"},"canonical":"https:\/\/kjbb-tk.de\/index.php\/unsere-partner\/","og_locale":"de_DE","og_type":"article","og_title":"Unser Tr\u00e4ger - der all eins e.V. -","og_description":"&#8222;Die Geschichte des all eins e.V. ist von jeher durch eine hohe Jugendbeteiligung gepr\u00e4gt. 1994 gr\u00fcndeten Jugendliche und junge Erwachsene auf Eigeninitiative den all eins e.V.. Ihr Verein erm\u00f6glichte ihnen Konzerte, Ausstellungen und Fahrten selbst organisieren zu k\u00f6nnen. Seit 1997 ist der all eins e.V. anerkannter Tr\u00e4ger der freien Kinder- und Jugendhilfe und agiert im [&hellip;]","og_url":"https:\/\/kjbb-tk.de\/index.php\/unsere-partner\/","article_modified_time":"2026-03-31T15:47:30+00:00","og_image":[{"width":1440,"height":360,"url":"https:\/\/kjbb-tk.de\/wp-content\/uploads\/2025\/04\/alleins-logo.png","type":"image\/png"}],"twitter_card":"summary_large_image","twitter_misc":{"Gesch\u00e4tzte Lesezeit":"2\u00a0Minuten"},"schema":{"@context":"https:\/\/schema.org","@graph":[{"@type":"WebPage","@id":"https:\/\/kjbb-tk.de\/index.php\/unsere-partner\/","url":"https:\/\/kjbb-tk.de\/index.php\/unsere-partner\/","name":"Unser Tr\u00e4ger - der all eins e.V. -","isPartOf":{"@id":"https:\/\/kjbb-tk.de\/#website"},"primaryImageOfPage":{"@id":"https:\/\/kjbb-tk.de\/index.php\/unsere-partner\/#primaryimage"},"image":{"@id":"https:\/\/kjbb-tk.de\/index.php\/unsere-partner\/#primaryimage"},"thumbnailUrl":"https:\/\/kjbb-tk.de\/wp-content\/uploads\/2025\/04\/alleins-logo-1024x256.png","datePublished":"2022-01-20T13:26:27+00:00","dateModified":"2026-03-31T15:47:30+00:00","breadcrumb":{"@id":"https:\/\/kjbb-tk.de\/index.php\/unsere-partner\/#breadcrumb"},"inLanguage":"de","potentialAction":[{"@type":"ReadAction","target":["https:\/\/kjbb-tk.de\/index.php\/unsere-partner\/"]}]},{"@type":"ImageObject","inLanguage":"de","@id":"https:\/\/kjbb-tk.de\/index.php\/unsere-partner\/#primaryimage","url":"https:\/\/kjbb-tk.de\/wp-content\/uploads\/2025\/04\/alleins-logo.png","contentUrl":"https:\/\/kjbb-tk.de\/wp-content\/uploads\/2025\/04\/alleins-logo.png","width":1440,"height":360},{"@type":"BreadcrumbList","@id":"https:\/\/kjbb-tk.de\/index.php\/unsere-partner\/#breadcrumb","itemListElement":[{"@type":"ListItem","position":1,"name":"Startseite","item":"https:\/\/kjbb-tk.de\/"},{"@type":"ListItem","position":2,"name":"Unser Tr\u00e4ger &#8211; der all eins e.V."}]},{"@type":"WebSite","@id":"https:\/\/kjbb-tk.de\/#website","url":"https:\/\/kjbb-tk.de\/","name":"","description":"Das Kinder- und Jugendbeteiligungsb\u00fcro Treptow K\u00f6penick","potentialAction":[{"@type":"SearchAction","target":{"@type":"EntryPoint","urlTemplate":"https:\/\/kjbb-tk.de\/?s={search_term_string}"},"query-input":{"@type":"PropertyValueSpecification","valueRequired":true,"valueName":"search_term_string"}}],"inLanguage":"de"}]}},"_links":{"self":[{"href":"https:\/\/kjbb-tk.de\/index.php\/wp-json\/wp\/v2\/pages\/54","targetHints":{"allow":["GET"]}}],"collection":[{"href":"https:\/\/kjbb-tk.de\/index.php\/wp-json\/wp\/v2\/pages"}],"about":[{"href":"https:\/\/kjbb-tk.de\/index.php\/wp-json\/wp\/v2\/types\/page"}],"author":[{"embeddable":true,"href":"https:\/\/kjbb-tk.de\/index.php\/wp-json\/wp\/v2\/users\/1"}],"replies":[{"embeddable":true,"href":"https:\/\/kjbb-tk.de\/index.php\/wp-json\/wp\/v2\/comments?post=54"}],"version-history":[{"count":21,"href":"https:\/\/kjbb-tk.de\/index.php\/wp-json\/wp\/v2\/pages\/54\/revisions"}],"predecessor-version":[{"id":773,"href":"https:\/\/kjbb-tk.de\/index.php\/wp-json\/wp\/v2\/pages\/54\/revisions\/773"}],"wp:attachment":[{"href":"https:\/\/kjbb-tk.de\/index.php\/wp-json\/wp\/v2\/media?parent=54"}],"curies":[{"name":"wp","href":"https:\/\/api.w.org\/{rel}","templated":true}]}}